15*h - 7320 = 7*h. List the prime factors of h.
3, 5, 61
Let n(o) be the first derivative of o**4/4 - o**3/3 - o**2/2 + 51*o + 1. Let k be n(0). Let f = k - 36. List the prime factors of f.
3, 5
Let g(x) be the second derivative of x**3/3 - 6*x**2 + 4*x. Let t be g(9). List the prime factors of 14*(15/t + -2).
7
Let w(b) = 44*b + 1. Let p be w(3). Let i = p + 95. List the prime factors of i.
2, 3, 19
Suppose -f = 3*f - z - 7, -5*f = z - 11. Suppose -f*s = -s + 5*r + 10, r = 3*s - 50. List the prime factors of s.
3, 5
Let y = 20 + -5. Let p be (-39)/15 + (-6)/y. Let j = 21 - p. What are the prime factors of j?
2, 3
Let h(g) = -g - 3. Let f(i) = -1. Let r(s) = -f(s) - h(s). Let c be r(-7). List the prime factors of (c - -2)/(1/(-9)).
3
Suppose -5*t + 3*t + 10 = 0. Let u = -45 + t. Let s = -19 - u. What are the prime factors of s?
3, 7
Let k(j) = -j**3 - 6*j**2 - 3*j - 8. Let c = -6 - -10. Let v be c/8 + (-13)/2. What are the prime factors of k(v)?
2, 5
Suppose -1867*o + 42 = -1861*o. Suppose -4*d - 43 = -z, 5*z + 5*d - 62 = 28. Let f = o + z. List the prime factors of f.
2, 3, 5
Let g be 15*(24/10 - (-2 + 4)). Suppose g*q = 8*q - 248. What are the prime factors of q?
2, 31
Let g(n) = n**3 - n + 40. Let a be g(0). Let q be 2 + (-2 - 0/(-2)). Suppose q = 6*p - p - a. List the prime factors of p.
2
Let k be 4/(-10) - 261/(-15). Suppose -2*i + 6*p = 4*p - 68, -5*p - 140 = -4*i. Let c = i - k. List the prime factors of c.
13
Let m(w) = -5*w**2 - 81*w - 27. List the prime factors of m(-12).
3, 5
Let q = 7 + -6. Suppose 3*n + q = 4. What are the prime factors of (-10 + (-3)/n)/(-1)?
13
Let a = -96 - -160. List the prime factors of (-2)/(-8) - 2/(a/(-6680)).
11, 19
Let c = 722 + -319. Suppose 3*g + 4*w = 385, 0 = -8*g + 11*g - 5*w - c. What are the prime factors of g?
131
Suppose 5*p + 0*y - 2*y - 72 = 0, -36 = -3*p + 3*y. What are the prime factors of (p/(-10))/((-36)/270)?
2, 3
Let w(y) = 3*y**3 + 2*y - 1. Suppose -l + 5*l = 4. Let s be w(l). Suppose -3*g = -4*b - 13, b - 2*b = -s*g + 39. List the prime factors of g.
11
Suppose -367 = 3*c + 3*l - 139, -5*l = 4*c + 307. Let x = c - -124. What are the prime factors of x?
3, 17
Suppose -3 = 8*o - 9*o. Suppose 10 = 5*n, -o*n = 3*q - 19 - 11. List the prime factors of q.
2
Suppose 23*z - 640 = 18*z. Let i = z - 77. What are the prime factors of i?
3, 17
Let u = -24 - -258. Suppose 3*j - u - 78 = 0. What are the prime factors of j?
2, 13
Let g = 2534 + -1273. List the prime factors of g.
13, 97
Let o(r) = 1 - r - 5 - 3*r. Let g be ((-4)/6)/(1/3). List the prime factors of o(g).
2
Let b be 0 - 216/(-2) - (-40 - -41). Suppose 5*r + 4*k + b = 518, -78 = -r - 5*k. What are the prime factors of r?
83
Let c be (-26)/(-4) - 9/(-18). Let v(z) = -z**3 + 9*z**2 - 11*z + 10. Let u be v(c). Suppose -7 - u = -2*n. What are the prime factors of n?
19
Suppose -4*h + 0*h + 5*m = -1385, 2*h = -3*m + 687. Let j be h/9 + 1/(-3). Let l = j + -12. List the prime factors of l.
2, 13
Suppose 3*y = w + 59 - 217, -2*y - 108 = -2*w. Let n = y + 252. List the prime factors of n.
2, 5
List the prime factors of (315/(-60))/(3/(-248)).
2, 7, 31
Let y(f) = -f**3 - 13*f**2 + 14*f + 8. Let l be y(-14). What are the prime factors of (104/(-32))/((-2)/l)?
13
Suppose u - 2*x - 64 = -u, -59 = -2*u + x. Let r = 15 + u. Suppose i - 11 = 4*t - 2, 2*i = -4*t + r. What are the prime factors of i?
17
Suppose -206*p - 5167 = -207*p. What are the prime factors of p?
5167
Let d(o) = -7 - 7 - 5 + 3*o**2 + 20 - o. What are the prime factors of d(7)?
3, 47
Suppose 0 = -c + 4314 - 1555. List the prime factors of c.
31, 89
Suppose -t - 5*l = -1642, 0 = 5*l + 18 - 3. What are the prime factors of t?
1657
Let x = 59 + 224. Suppose 0 = 4*q - x - 57. List the prime factors of q.
5, 17
Let h(j) be the first derivative of -j**4/4 - 13*j**3/3 - 2*j**2 - 19*j + 25. Let x be 93/(-7) + 4/14. What are the prime factors of h(x)?
3, 11
Let i(u) = u**2 - 6*u - 17. Let v be i(13). Suppose 3*t + v = 4*t. What are the prime factors of t?
2, 37
Let j(b) = 70*b**2 + 2*b - 7. Let g be j(3). Suppose 0 = 7*l + 69 - g. Suppose -l = -4*x + 2*x. List the prime factors of x.
2, 5
Suppose 151 = 3*v - 98. Let f = v - 7. What are the prime factors of f?
2, 19
Let v be 0*(20/(-16))/5. Suppose q - 79 = -v*q. List the prime factors of q.
79
Let z = -33 - -122. Let h be (12/10)/((-2)/(-5)). Suppose 3 = -h*a, 2*a + 2*a + z = 5*c. What are the prime factors of c?
17
Let p(z) = -76*z. Suppose -6*a + 0 - 6 = 0. What are the prime factors of p(a)?
2, 19
Let a = -2652 - -5102. List the prime factors of a.
2, 5, 7
Let r(y) = -7*y**3 + 2*y**2 + 2*y. Let o be r(2). Let j = -28 - o. What are the prime factors of (17 - j)/(1/5)?
5
Let o = 31 + -26. Suppose 2*i + o*w - 403 = 0, 2*i - 393 = 6*w - w. What are the prime factors of i?
199
Let s = 13 + -13. Suppose -2*v + 335 = 5*g, s*v - 5*v = -25. What are the prime factors of g?
5, 13
Suppose 30 = -2*k + 2*v, 0 = 3*v + 2*v - 5. Let x = k + 12. What are the prime factors of 28 + -4 + 2 + x?
2, 3
Let p(r) = 6*r**2 - 6*r. Let m be p(4). Let u = 123 - m. What are the prime factors of u?
3, 17
Suppose n - 54 = -5*n. Suppose -10*y + 41 = -n*y. What are the prime factors of y?
41
Let r(v) = 6*v**2 - 6*v + 3. Let q(l) = -l**2 - 1. Let s(j) = -5*q(j) - r(j). Let x be s(9). Let m = 94 + x. List the prime factors of m.
3, 23
What are the prime factors of 3/((-48)/(-136))*20?
2, 5, 17
Suppose 0 = -9*w + 7962 + 7572. What are the prime factors of w?
2, 863
Let y(x) = x**2 + 8*x + 4. Let n be y(-8). Suppose -n*r + 8 = 0, r = h + h - 44. What are the prime factors of h?
23
Suppose 0 = -4*h + 361 + 1363. Let a = h - 246. Suppose 4*f = -t + 57, 6*t - 3*t = -5*f + a. What are the prime factors of t?
5, 13
Suppose 6*u - 2*u + 16 = 0. Let z(y) = y**2 + 4*y + 3. Let v be z(u). Let w = 7 - v. List the prime factors of w.
2
Let l be 24/28*(2 - -68). Suppose 2*w = 74 + l. What are the prime factors of w?
67
Let b(w) = 14*w + 81. List the prime factors of b(13).
263
What are the prime factors of (8/(-20))/((-4)/2420)?
2, 11
Let h be -5*3/(-15)*-2. Let p be h*4/(16/6). What are the prime factors of (p/1)/(-1) + 6?
3
Let k(u) = -4*u**2 + 46*u - 16. What are the prime factors of k(10)?
2, 11
Suppose f = 6*f - 20. Suppose f*t - 117 = 319. Let a = t - 69. What are the prime factors of a?
2, 5
Suppose -4 = -4*f, 2*y - 5*f = -0*y - 5425. List the prime factors of y/(-40) - 3/4.
67
Let t(p) = p**3 + 13*p**2 + 21*p - 27. Let v be t(-11). Let x be 258/5 + (-2)/(-5). Let b = v + x. What are the prime factors of b?
2, 3
Suppose -2*p + 4*p + 10 = 0. Let y(u) = -u**2 + 5*u**2 + 0*u + 2 + u**3 + u - 6*u. What are the prime factors of y(p)?
2
Let v(k) = -35*k - 1. Let n be v(-3). List the prime factors of n/(-1*(-4 - -2)).
2, 13
Suppose -s - 9 - 18 = -4*b, -5*b - s + 45 = 0. Suppose 0 = -0*v - 2*v - b, -12 = 2*r + v. Let q(t) = -t**3 - t**2 + 6*t + 3. List the prime factors of q(r).
3
Let t(y) = 2*y**2 + 71*y - 112. What are the prime factors of t(-42)?
2, 7, 31
Suppose 3*r - 16 - 5 = 0. Suppose 86 = 5*l - k, 0 = 3*l + 2*k - r*k - 34. What are the prime factors of l?
2, 3
Suppose 145*x = -2*q + 142*x + 7119, -q + 2*x = -3570. List the prime factors of q.
2, 3, 11
Suppose 0 = -3*n + 3. Let g be 0 - (-3 - (-1 + n)). Let k(j) = j**3 - 3*j**2 + 3*j - 1. List the prime factors of k(g).
2
Let j(t) = t**2 + 164*t - 25. List the prime factors of j(22).
7, 83
Suppose -4*r + 3*v = -v + 1052, 0 = 5*v - 5. Let k = 183 + r. Let d = -33 - k. List the prime factors of d.
2, 23
Let n(u) = -u**3 - 11*u**2 + 8*u - 1. Let f(h) = h**3 + 13*h**2 - 7*h + 1. Let v(a) = 5*f(a) + 6*n(a). What are the prime factors of v(-5)?
2, 17
Suppose m + 9 = -3*w, 2*m + 4*w + 1 = -7. Suppose 1682 = m*s - 64. What are the prime factors of s?
3, 97
Suppose -1329 = -q - 3*p - 2*p, -2678 = -2*q - 5*p. List the prime factors of q.
19, 71
Let m = 84 + -30. Suppose 6*l = 96 + m. List the prime factors of l.
5
Let u(k) = k + 1. Let o be u(1). Suppose -4*r + 16 = 0, -o*f + r + 27 = -109. List the prime factors of f.
2, 5, 7
Let y(w) = 11*w - 2. Let v(h) = -12*h + 1. Let i be (10/((-8)/(-4)))/1. Let k(l) = i*v(l) + 4*y(l). What are the prime factors of k(-3)?
3, 5
Let u(q) = q**3 - 6*q**2 + 3*q + 7. Let n be u(6). Suppose n = -t + 6*t.